 to base 11
242
Convert 2210021000 (base 3) to base 7.
315645
What is -1116 (base 7) in base 13?
-252
What is a6 (base 11) in base 14?
84
Convert -3010322 (base 4) to base 16.
-313a
What is -139a6 (base 11) in base 9?
-30183
Convert -17 (base 15) to base 14.
-18
Convert -31333 (base 4) to base 15.
-3ea
Convert -23575 (base 9) to base 10.
-15782
What is -5248 (base 10) in base 12?
-3054
Convert -12201112 (base 3) to base 15.
-1382
-32140 (base 5) to base 6
-14014
Convert -245a8 (base 11) to base 5.
-2112304
What is e25 (base 15) in base 3?
11100222
What is -1011013 (base 5) in base 6?
-203503
-2582 (base 9) to base 14
-9c5
Convert 1012020 (base 4) to base 7.
16041
-10010111101 (base 2) to base 16
-4bd
Convert 76b7 (base 12) to base 11.
9929
3003 (base 12) to base 7
21060
177 (base 9) to base 15
a1
-1006 (base 8) to base 11
-431
1243 (base 6) to base 9
380
What is 10110011111 (base 2) in base 16?
59f
Convert 20300131 (base 4) to base 6.
434021
Convert 1200211111 (base 3) to base 7.
166261
299 (base 11) to base 7
1010
Convert 1560 (base 13) to base 9.
4246
Convert 23e (base 16) to base 4.
20332
Convert -3121 (base 6) to base 16.
-2b9
Convert -113 (base 15) to base 7.
-465
What is 443a (base 12) in base 14?
2a62
What is -11223 (base 7) in base 8?
-5453
Convert 357 (base 11) to base 16.
1a9
414 (base 9) to base 13
1cc
-6233 (base 7) to base 10
-2180
What is 67413 (base 8) in base 4?
12330023
Convert -111201 (base 4) to base 16.
-561
What is -65341 (base 7) in base 4?
-3332221
What is -5002 (base 12) in base 4?
-2013002
What is 84375 (base 9) in base 15?
11795
What is -1692 (base 11) in base 9?
-2857
What is 3523 (base 8) in base 10?
1875
What is -3642 (base 8) in base 7?
-5461
Convert -6137 (base 12) to base 4.
-2210323
Convert -526 (base 11) to base 10.
-633
211244 (base 7) to base 14
d424
352a (base 11) to base 15
158a
What is -14313 (base 5) in base 6?
-5332
What is 220120 (base 3) in base 7?
1635
What is 1111001 (base 4) in base 15?
192b
-5104 (base 7) to base 5
-24033
Convert -92 (base 10) to base 11.
-84
What is -21a1 (base 12) in base 9?
-5084
What is 10212 (base 5) in base 16?
2aa
Convert 100144 (base 6) to base 9.
11671
2bbb (base 14) to base 13
3729
What is -84 (base 14) in base 16?
-74
What is -321 (base 5) in base 6?
-222
What is -702 (base 11) in base 2?
-1101010001
Convert -12734 (base 8) to base 5.
-134341
Convert 222111100 (base 3) to base 14.
7078
1000000110000011 (base 2) to base 9
50428
Convert 19baa (base 12) to base 9.
57114
-86c (base 13) to base 3
-1222102
31000 (base 4) to base 16
340
-191 (base 14) to base 7
-641
Convert 24a (base 13) to base 8.
620
Convert 22035 (base 7) to base 11.
4163
What is 30110 (base 5) in base 12?
1129
Convert 1457 (base 11) to base 12.
1105
Convert -1067 (base 11) to base 13.
-840
What is c55c (base 13) in base 3?
1101102121
-2301 (base 8) to base 11
-a07
What is 2b6c (base 13) in base 3?
22200221
4130310 (base 5) to base 14
1a8b2
Convert -1399 (base 11) to base 5.
-24202
Convert 141402 (base 5) to base 14.
21c0
Convert -11100111011010 (base 2) to base 14.
-557c
Convert 100221100 (base 3) to base 14.
28d7
What is -779a (base 11) in base 15?
-309d
2201202221 (base 3) to base 2
1101001000010110
Convert 8033 (base 12) to base 5.
420423
4c9 (base 16) to base 2
10011001001
What is 3020 (base 5) in base 8?
601
-23a (base 11) to base 12
-1b9
What is 310000 (base 4) in base 10?
3328
Convert 51054 (base 6) to base 2.
1101001001010
12b5 (base 12) to base 6
13545
320421 (base 5) to base 13
4b6b
What is 29303 (base 11) in base 7?
232235
What is 1120 (base 14) in base 9?
4057
Convert -3973 (base 11) to base 8.
-12052
What is 32310 (base 4) in base 2?
1110110100
Convert -10030130 (base 4) to base 9.
-25508
What is 192 (base 11) in base 12?
166
Convert -220 (base 6) to base 5.
-314
What is 114131 (base 7) in base 10?
20651
-1440 (base 7) to base 13
-348
What is -132455 (base 6) in base 4?
-2333303
What is -132224 (base 5) in base 8?
-12302
What is 736 (base 8) in base 12?
33a
Convert -3233 (base 9) to base 10.
-2379
What is -36106 (base 11) in base 14?
-14d6c
Convert 19396 (base 12) to base 8.
107742
Convert -31340 (base 5) to base 15.
-94a
Convert 1479 (base 13) to base 14.
1125
Convert 24302 (base 6) to base 3.
11220002
-95b8 (base 12) to base 13
-7616
What is -103211 (base 6) in base 11?
-6430
Convert -135641 (base 7) to base 10.
-26048
222231 (base 4) to base 7
10653
What is 890 (base 10) in base 7?
2411
1db (base 14) to base 4
12011
54b (base 14) to base 8
2027
What is 1100100100 (base 2) in base 12?
570
Convert -3433 (base 8) to base 15.
-814
1445 (base 6) to base 11
324
Convert -20112 (base 3) to base 4.
-2300
-e18 (base 15) to base 16
-c65
Convert -1010001100 (base 2) to base 15.
-2d7
949 (base 10) to base 5
12244
What is -ed (base 16) in base 15?
-10c
12001030 (base 4) to base 3
1020211001
What is 1036 (base 7) in base 9?
451
What is -250 (base 15) in base 7?
-1350
What is -28e9 (base 16) in base 5?
-313343
Convert 1092 (base 11) to base 13.
862
Convert -35a6 (base 13) to base 14.
-2a8c
-225 (base 16) to base 13
-333
Convert 5378 (base 9) to base 3.
12102122
Convert 53a (base 14) to base 9.
1366
What is -c50 (base 13) in base 5?
-31333
What is 111001100 (base 2) in base 3?
122001
What is -6283 (base 9) in base 8?
-11003
Convert 512 (base 7) to base 14.
142
756 (base 13) to base 7
3441
What is 11000001101 (base 2) in base 16?
60d
What is 5614 (base 7) in base 5?
31040
76 (base 10) to base 9
84
9e8 (base 15) to base 13
1037
-12c (base 13) to base 7
-414
485 (base 9) to base 10
401
What is -27c (base 15) in base 12?
-3b3
2210012 (base 3) to base 5
31110
110111110000 (base 2) to base 4
313300
Convert 1124220 (base 5) to base 13.
9487
Convert 35b (base 16) to base 5.
11414
-1403001 (base 6) to base 11
-53a01
What is -1484 (base 11) in base 10?
-1907
-1011111011000 (base 2) to base 15
-1c1e
Convert -1081 (base 12) to base 7.
-5215
What is -1097 (base 10) in base 4?
-101021
What is -222211 (base 4) in base 2?
-101010100101
Convert -8010 (base 9) to base 8.
-13321
What is 638 (base 11) in base 8?
1377
21000122 (base 3) to base 15
17b5
Convert 720 (base 9) to base 13.
360
472 (base 13) to base 10
769
-14002 (base 6) to base 7
-6206
Convert 5456 (base 11) to base 16.
1c20
What is 60a5 (base 12) in base 2?
10100011111101
What is 973 (base 14) in base 12?
10b5
Convert 1545 (base 6) to base 7.
1145
Convert b749 (base 15) to base 8.
113561
422414 (base 5) to base 9
21316
What is -b6c (base 15) in base 7?
-10341
-204 (base 14) to base 6
-1500
36a (base 12) to base 10
514
149a (base 13) to base 4
232320
100000101 (base 2) to base 16
105
-140f (base 16) to base 4
-1100033
Convert -986 (base 14) to base 6.
-12414
Convert 5925 (base 10) to base 7.
23163
828 (base 13) to base 4
111222
-17489 (base 10) to base 14
-6533
-20211 (base 4) to base 9
-670
22444 (base 5) to base 10
1624
39ba (base 12) to base 7
25210
What is -3d0 (base 14) in base 13?
-473
What is -745 (base 11) in base 12?
-628
Convert 8714 (base 14) to base 13.
a817
What is -33044 (base 8) in base 11?
-a460
-24664 (base 9) to base 11
-11505
Convert 16d8 (base 16) to base 6.
43024
Convert 9c0 (base 15) to base 16.
89d
14b5 (base 16) to base 2
1010010110101
Convert 33100 (base 9) to base 7.
120666
Convert 1225 (base 13) to base 11.
1a23
Convert -485 (base 9) to base 4.
-12101
What is -13300233 (base 4) in base 12?
-16493
Convert 42301 (base 6) to base 9.
7761
Convert 9851 (base 10) to base 8.
23173
Convert 84 (base 14) to base 6.
312
5b93 (base 15) to base 16
4c20
-1000001110000 (base 2) to base 7
-15161
Convert -408 (base 10) to base 9.
-503
-125 (base 11) to base 14
-a8
855a (base 11) to base 16
2c36
-2022332 (base 4) to base 16
-22be
110011101 (base 2) to base 5
3123
What is -c76 (base 16) in base 12?
-1a1a
What is b65 (base 15) in base 6?
15522
What is 3500 (base 6) in base 10?
828
Convert -103133 (base 4) to base 11.
-a34
-5577 (base 9) to base 3
-12122121
2054 (base 12) to base 16
dc0
What is 11000001 (base 3) in base 12?
1831
Convert -21203 (base 5) to base 4.
-112110
What is 312103 (base 4) in base 8?
6623
6888 (base 10) to base 9
10403
32064 (base 10) to base 6
404240
-103b (base 15) to base 13
-173c
Convert 56011 (base 9) to base 4.
21011011
255c (b